ve of f**6/120 - f**5/12 + f**4/12 - 5*f**3/6 + f**2. Let z = 34 + -29. What is the units digit of u(z)?
5
Let y(o) = -o + 8. Let w be y(0). What is the units digit of 3*2 - (-8)/w?
7
Let k(x) = 58*x**2 - 1. Let u be k(1). Let l = -3 + u. Suppose -8*a = -5*j - 4*a + l, -5*a - 22 = -3*j. What is the tens digit of j?
1
Let o = 36 - 6. Let u = 4 + -2. Suppose u = -4*a + o. What is the units digit of a?
7
Suppose 4*h + 12 = 32. Suppose -h*c = -3 - 7. Suppose 15 + 5 = 2*m + c*z, 0 = -m + 5*z + 22. What is the units digit of m?
2
Let n(r) = -17*r**3 - r**2 + r - 1. Let z be n(1). Let u be (-3 + 0)*24/z. Suppose m + 2*o + u = -0, -5*m + 15 = 3*o. What is the units digit of m?
6
Let j(g) = -24*g + 3. Let c be j(-2). Suppose -5*h + 3*d = -250, -5*h = 4*d - 164 - c. What is the tens digit of h?
4
Suppose -k + 0 = -1. Let p be k/1 + 0 + 3. Suppose -s = p*s - 25. What is the units digit of s?
5
Let a(s) = -1 + 2*s + 0 + 2 + 3*s**2 - 4*s. What is the units digit of a(1)?
2
Let f be 2/8 + (-15)/(-4). Let z(p) = p**2 - 7*p + 6. Let v be z(7). Let i = v - f. What is the units digit of i?
2
Suppose 0 = 24*p - 25*p + 160. What is the tens digit of p?
6
Let n = 4 - 4. Suppose n = 4*i - 44 - 48. What is the tens digit of i?
2
Suppose -3*t - 5*u + 87 = 0, 2*u - 8 = 4*t - 98. Suppose 5*o = v - 2*v + t, -o - 75 = -4*v. What is the tens digit of v?
1
What is the tens digit of (-298)/(-6) - (-4)/(-6)?
4
Let d(l) = -4*l + 8*l**2 + 3*l + 4*l - 4 - l**3 - 4*l**2. What is the tens digit of d(3)?
1
What is the units digit of (21/6 - 1)*14?
5
Suppose -5*r = 137 - 1082. What is the tens digit of r?
8
Let x be 7 + -4 + 6 + 1. Let u(d) = -9*d - 6. Let w be u(-4). Suppose -5*o + x = -w. What is the units digit of o?
8
Let a = 8 - 3. Suppose 0*g + 24 = 3*d + 5*g, 3*g - 56 = -a*d. What is the units digit of d?
3
Suppose 5*z + 3 = -12. Let k = z - -1. Let u = 3 + k. What is the units digit of u?
1
Let i = -7 - -10. What is the units digit of i*(2 - -2 - 3)?
3
Let w be (-2)/(-6) + (-20)/6. Let v be (-2)/5*15/w. Suppose g - v*o = -3*g + 2, -23 = -4*g - 5*o. What is the units digit of g?
2
Suppose 0*x = -x + 2*y + 34, 2*x = -4*y + 60. What is the units digit of x?
2
Suppose 2*h = 6*h - 216. What is the tens digit of h?
5
Suppose 14 + 6 = 4*q. What is the units digit of q?
5
Suppose -4*h = -111 - 293. What is the units digit of h?
1
Let a(x) = x**2 + 3*x + 9. What is the tens digit of a(-6)?
2
Let n be -2 - -2 - -8 - 2. Let i = n + -1. Let h(a) = a**2 - 3*a - 2. What is the units digit of h(i)?
8
Let d(h) = 10*h + 5. What is the tens digit of d(4)?
4
Let t(n) be the second derivative of -7*n**3/6 - n**2/2 - 12*n. Let x(h) = -h**2 + 2. Let o be x(-2). What is the tens digit of t(o)?
1
Suppose -7*y = -1227 - 89. What is the units digit of y?
8
Let c be 15/(-2 - -3) - -1. Suppose 0 = l - c - 10. What is the units digit of l?
6
Suppose 9*h = 14*h - 265. What is the units digit of h?
3
What is the tens digit of 13/(-1 + 20/16)?
5
Suppose 2*s + 0*v = -2*v + 10, s = -5*v + 13. Let i be -1 - -24 - (16 + -15). Suppose 4*f - 12 = 2*g + 4, 5*f - s*g = i. What is the units digit of f?
2
Let v be (-202)/(-18) - 10/45. Let o = v - 7. Suppose 5*z - 4*b - 29 = 0, o*z + 5 = -2*b + 23. What is the units digit of z?
5
Suppose -3*z = -9 + 3, -3*x = -2*z + 112. What is the tens digit of x/15*(-45)/6?
1
Suppose 6*m = 2043 + 357. What is the hundreds digit of m?
4
What is the units digit of 1*(1 - (-2 + -34))?
7
Let p be 2/(-3) - 26/6. Let s be (p + 1)/2 + -27. Let t = s + 40. What is the units digit of t?
1
Let m be ((-2)/(-3))/(2/6). Suppose 3*j - 10 = -4. Suppose 0*g - m = -j*g. What is the units digit of g?
1
Let f = 61 + -40. What is the units digit of f?
1
Suppose -4*k = 2*s + 32, 2*k + 28 = -3*s - 0*k. Let x = 8 - s. What is the units digit of x?
4
Suppose 22 = 2*y - 4*f + 2*f, 2*f + 4 = -y. Let l(u) = u**3 - 5*u**2 - 6*u + 1. What is the units digit of l(y)?
1
Suppose -2*u = -u - 46. What is the tens digit of u?
4
Suppose t - 2*d = 13, 2*t + 2*d = -0*d - 4. Suppose 2*p + n = t, -5*p - 8 = -4*n + 4. Let i(j) = j**2 + 4. What is the units digit of i(p)?
4
Suppose 11 = -3*p - 1. What is the units digit of (0 + -1)*(p + 3)?
1
Suppose 6*b = b - 30. Let t = -6 - b. Suppose -5*j + 20 = -t. What is the units digit of j?
4
Suppose -2*w = 4*l - 106, 4*w - 230 = -0*w + l. What is the tens digit of w?
5
Suppose -5*z = l + 67, 4*l + 5*z = -2 - 191. Let y be l/9 - (-2)/3. What is the units digit of -1*6/(y + 1)?
2
Let r = 20 + 8. Let a = r + -20. What is the units digit of a?
8
Suppose 2*l = 2*j + 96, 4*j - 158 = -l - 2*l. Suppose -f - l = -6*f. What is the tens digit of f?
1
Let w(k) = -6*k + 4. Let a be w(-7). Let n = 16 - a. What is the units digit of 5/(-2)*12/n?
1
Let z(b) = b - 7. Let s be z(9). What is the units digit of 5/(s + -1 - 0)?
5
Let c(v) = -4 + 0*v**2 - 1 - 4*v**2 + 9*v + 5*v**2. What is the units digit of c(-11)?
7
What is the units digit of (1 - 65/25)/(6/(-615))?
4
Suppose 2*i - 5*i = 4*j + 8, 0 = -3*i - 5*j - 10. Suppose u - 6*u = 2*c - 22, i = 4*u - 2*c - 32. What is the units digit of u?
6
Suppose 0 = 5*u - 8*u + 327. What is the hundreds digit of u?
1
Suppose 3*g = 3*q - 12, -4*g + 5*g = 0. Suppose -q*j + 196 = -0*j. What is the tens digit of j?
4
Suppose -3*q - 34 = -4*x - 12, q + 2 = 4*x. What is the units digit of q/((2*3)/(-3))?
5
Let x(h) = -h**3 - 5*h**2 - 8*h - 3. What is the tens digit of x(-4)?
1
Suppose 4*d - 9 = d. Suppose 0 = -d*u - 0*u + 30. What is the units digit of u?
0
Let d(k) = 22*k**2 + 2*k - 1. Let a be d(1). Let y be 3 + -1*2/2. Suppose 4*c - n - a = -c, 2*n = -y*c + 14. What is the units digit of c?
5
Suppose -187 = -2*g - b + 130, 5*b - 800 = -5*g. What is the tens digit of g?
5
Suppose -2*d = -4*r + 834, 0 = 4*r + 5*d - 9*d - 828. What is the hundreds digit of r?
2
What is the tens digit of ((15 - 3)*1)/1?
1
Suppose -1390 = -5*w + p + 370, 3*w + 5*p - 1056 = 0. What is the units digit of w?
2
Let t(q) = 10*q**2 + 5*q - 2. Let y be t(4). Suppose 4*v = -2*o + y, 3*v + 0*v = 3*o + 120. What is the units digit of v?
3
Suppose -5*q - 6 = -4*q. Let f be (-313)/q + (-1)/6. What is the units digit of ((-2)/(-4))/(2/f)?
3
Let f(q) = 5*q. Let v be f(4). Let i be 18/(-27) + (-1)/((-3)/20). Let u = v - i. What is the units digit of u?
4
Let a(t) = 3*t - 8. Let z be a(4). Suppose 0*g = -z*n + 5*g - 5, -2*g - 5 = -3*n. What is the units digit of n?
5
Suppose 0 = 4*c - c - 27. Let n = -2 + -11. What is the units digit of (-1 - n)*6/c?
8
Suppose -2 - 37 = -3*n. What is the units digit of n?
3
Let k(o) = -2*o - 6. Suppose 4*f = 0, -a - 3*a + 4*f = 36. Let w = -15 - a. What is the units digit of k(w)?
6
Suppose -3*f - 37 = -2*f. What is the units digit of 8/(-20) + f/(-5)?
7
Suppose -p + 3 = -2. What is the units digit of (-2)/p - (-1152)/30?
8
Suppose -2*a + 5*r = 51 - 19, -134 = 5*a + r. What is the tens digit of 1 + -6 - -2 - a?
2
Let z be 2/(-3) + 40/15. Suppose -z*r + 9 = -r. What is the units digit of r?
9
Let u = 78 + -4. What is the tens digit of u?
7
Let m = -86 - -170. What is the units digit of m?
4
Let f be (78/8)/((-6)/(-16)). What is the tens digit of 20/130 - (-464)/f?
1
Suppose -4 = r + 3*x - 22, -8 = 4*r - 4*x. Suppose r*m = -3*m + 192. What is the units digit of m?
2
Let i(x) = -x**2 - 1 - 4*x + 5*x**2 - 3*x**2. What is the units digit of i(5)?
4
Let f(c) = 111*c. What is the tens digit of f(2)?
2
What is the tens digit of (-2280)/(-100) + 1/5?
2
Let d be 1*(-1)/((-2)/(-8)). Let t be ((-5 + 2)/3)/(-1). Let p = t - d. What is the units digit of p?
5
Suppose 6*k = 3*k - 6. Let b(j) = -j - 4. Let a be b(-5). What is the units digit of a*-2*12/k?
2
Let q(n) = -5*n**2 + 4*n + 9. Let v(w) = -w**2. Let d(h) = -q(h) + 4*v(h). What is the units digit of d(6)?
3
Let x be -1*(-7)/((-21)/18). Let o = x + 8. Suppose -s - 1 = -o*s. What is the units digit of s?
1
Let w(v) = v**3 - 3*v**2 + 4*v - 2. Let l be w(2). Let h = 2 + 3. Suppose -4*t = d + l, -4*t - 1 = 2*d - h. What is the units digit of d?
6
Suppose -p - l = -3*p + 204, 4*p + 3*l - 388 = 0. What is the tens digit of p?
0
Let o(i) = -i**2 + 3*i + 1. Let h be o(2). Suppose -4*s - l + 17 = 0, -h*l + 1 = -4*s - 2. What is the units digit of s?
3
Let g(f) = f**2 - 3*f + 2. Let w be g(4). Let z(c) = 4*c + 4 - w*c**3 + c 